 26783925. Calculate b(-218).
-9
Let i(n) = -n**2 - 158*n - 3085. Give i(-130).
555
Let r(x) = x**2 + 89*x - 1657. Calculate r(-105).
23
Let a(k) = 154*k + 108114. Determine a(-701).
160
Let v(g) = -130619*g - 3. Calculate v(0).
-3
Let v(j) = -34*j**3 + 3092*j**2 + 171*j + 992. What is v(91)?
-9
Let d(j) = -j**3 - 13*j**2 + 390*j - 1767. Determine d(7).
-17
Let t(j) = -3757*j - 281988. Give t(-75).
-213
Let z(y) = 22*y**2 + 2770*y - 249. Determine z(-126).
3
Let n(u) = 59*u**2 - 193*u - 162. Give n(-1).
90
Let k(o) = -3*o**2 - 271*o - 5123. What is k(-27)?
7
Let f(k) = 35*k**2 + 2691*k - 14327. Give f(5).
3
Let k(s) = -s**3 + 30*s**2 + 4389*s + 803. What is k(83)?
-27
Let g(r) = r**3 - 56*r**2 - 27*r - 1870. Calculate g(57).
-160
Let u(p) = p**2 + 502*p - 62320. Give u(103).
-5
Let n(k) = -72480*k + 72482. Calculate n(1).
2
Let m(a) = -75045*a - 675418. Determine m(-9).
-13
Let y(a) = -2*a**3 - 50*a**2 - 193*a + 669. Determine y(-19).
4
Let l(h) = h**2 - 11613*h - 279288. What is l(-24)?
0
Let u(c) = -c**2 - 4588*c + 27580. Determine u(6).
16
Let v(x) = -x**3 + 239*x**2 + 1202*x - 43. Calculate v(-5).
47
Let q(u) = u**3 - 86*u**2 + 219*u + 2489. Determine q(83).
-1
Let a(o) = 11*o**3 - 44*o**2 - 2969*o + 11877. Calculate a(4).
1
Let p(y) = -2*y**3 + 2*y**2 - 6*y + 94. Determine p(4).
-26
Let c(j) = 972*j - 595904. Give c(613).
-68
Let c(q) = 2*q**2 + 129*q + 645. What is c(-5)?
50
Let a(j) = -288*j - 37886. Determine a(-129).
-734
Let w(f) = 30*f**2 + 3638*f + 3637. Calculate w(-1).
29
Let v(f) = 1383*f - 4613. Give v(3).
-464
Let a(y) = -5*y**2 + 524*y - 2263. What is a(101)?
-344
Let f(m) = -m**3 + 124*m**2 + 509*m + 536. Calculate f(128).
152
Let k(g) = g**3 + 67*g**2 + 409*g - 651. What is k(-60)?
9
Let c(w) = 4*w**2 + 1420*w + 5616. Calculate c(-351).
0
Let k(f) = -2*f**2 - 56*f - 178. Calculate k(-14).
214
Let i(p) = -339529*p - 1018584. Give i(-3).
3
Let s(i) = 20*i**2 + 81*i - 449. Give s(6).
757
Let i(s) = -1351*s - 21585. Give i(-16).
31
Let l(j) = -126*j**2 + 504*j + 41. Calculate l(4).
41
Let i(d) = 3*d**3 + 1021*d**2 + 14948*d - 612. Calculate i(-325).
38
Let i(n) = 18*n**3 - 112*n**2 + 31*n - 1. What is i(6)?
41
Let h(p) = 3191*p - 264583. Calculate h(83).
270
Let w(a) = a**3 + 19*a**2 - 970*a - 172. Determine w(-42).
-4
Let l(t) = t**3 - 135*t**2 + 4174*t + 107. Calculate l(48).
11
Let k(c) = c**3 + 16*c**2 + 49*c - 1. What is k(-12)?
-13
Let y(o) = 7*o**3 - 208*o**2 + 154*o - 250. What is y(29)?
11
Let m(c) = c**2 + 956*c - 124326. Give m(116).
26
Let g(s) = -6*s**3 - 29*s**2 + 250*s - 17. Calculate g(6).
-857
Let v(g) = 6*g**3 - 11*g**2 + g + 12. Calculate v(-3).
-252
Let w(c) = c**2 - 8821*c + 17812830. What is w(3130)?
0
Let n(b) = -4634*b - 50963. Give n(-11).
11
Let p(j) = -129*j - 9401. Calculate p(-95).
2854
Let r(b) = b**3 - 151*b**2 + 3472*b + 13921. What is r(33)?
-5
Let v(c) = -4*c**3 + 71*c**2 - 95*c + 472. Give v(17).
-276
Let h(l) = 31196*l - 436662. Give h(14).
82
Let z(g) = 2*g**2 + 269*g + 2993. Calculate z(-121).
-274
Let z(i) = -i**2 + 116*i + 8982. What is z(-58)?
-1110
Let g(t) = 14459*t**2 - 57825*t - 71. Determine g(4).
-27
Let z(m) = -8*m**3 - 170*m**2 - 341*m + 25. Calculate z(-19).
6
Let f(b) = 2053*b - 209402. Determine f(102).
4
Let y(x) = -952*x - 78999. Calculate y(-83).
17
Let s(l) = -3473*l - 39612. Give s(-12).
2064
Let x(t) = -627*t - 16903. Determine x(-27).
26
Let b(m) = 40*m - 608. Give b(13).
-88
Let v(y) = 16*y**3 + 12*y**2 - 19*y - 39. What is v(3)?
444
Let j(q) = 2*q**2 - 217*q + 1061. What is j(102)?
-265
Let i(g) = -20*g**2 - 3776*g - 17680. Determine i(-184).
-16
Let b(x) = 281*x**2 + 42*x + 183. Determine b(-5).
6998
Let h(q) = -461*q**2 - 124*q + 236. Give h(2).
-1856
Let k(x) = -3*x**3 - 21*x**2 + 95*x - 68. Determine k(3).
-53
Let v(d) = d**2 - 153*d - 980. Calculate v(157).
-352
Let r(l) = 45*l**2 + 3139*l - 6280. Give r(2).
178
Let n(y) = -y**3 - 1674*y**2 - 5480*y - 780359. Calculate n(-1671).
-2
Let w(u) = -124*u**3 + 661*u**2 - 201*u - 7. What is w(5)?
13
Let z(f) = 1273*f + 34404. Determine z(-28).
-1240
Let z(m) = 3301*m + 13237. Calculate z(-4).
33
Let o(b) = 2*b**3 - 8*b**2 + 21*b - 113. Determine o(9).
886
Let a(h) = -12191*h - 121930. Determine a(-10).
-20
Let k(x) = -6*x**3 + 558*x**2 + 10*x - 991. What is k(93)?
-61
Let h(t) = 10572*t - 10616. Determine h(1).
-44
Let p(b) = -60*b - 2716. What is p(-45)?
-16
Let n(w) = 6*w**3 + 938*w**2 - 599*w + 4546. Calculate n(-157).
-7
Let j(q) = -216*q**2 + 385*q + 2410. Determine j(-6).
-7676
Let j(g) = 19*g**3 - 9522*g**2 + 1501*g + 999. Determine j(501).
-3
Let i(j) = -j**2 - 624*j + 146672. What is i(182)?
-20
Let y(z) = -7*z**3 - 12*z**2 - 96*z - 578. Give y(-6).
1078
Let v(k) = -30*k**2 + 1215*k + 6080. Give v(45).
5
Let a(q) = -12*q**2 - 4842*q + 17163. Calculate a(-407).
69
Let i(c) = -c**2 + 1733*c - 92263. What is i(55)?
27
Let b(c) = c**3 + 33*c**2 + 256*c + 482. Calculate b(-22).
174
Let m(n) = -10878*n - 565686. Calculate m(-52).
-30
Let a(p) = p**3 + 57*p**2 + 709*p + 107. Determine a(-18).
-19
Let r(m) = -m**3 + 67*m**2 - 4235*m + 164299. What is r(49)?
2
Let d(g) = -2998*g + 593618. Give d(198).
14
Let m(u) = -u**2 + 22960*u + 114828. Calculate m(-5).
3
Let c(h) = -44456*h + 266745. Determine c(6).
9
Let u(g) = 27*g**3 - 11*g**2 + 19*g + 77. Determine u(5).
3272
Let q(f) = 5110*f + 56085. Calculate q(-11).
-125
Let i(u) = 142*u**3 + 389*u**2 - 433*u + 45. Calculate i(1).
143
Let u(l) = -935*l - 321585. Calculate u(-344).
55
Let i(j) = -18*j**3 + 560*j**2 - 54*j + 22. Determine i(31).
270
Let k(j) = -266*j**2 + 629*j - 161. What is k(2)?
33
Let u(m) = m**3 + 285*m**2 + 1924*m - 239. Determine u(-7).
-85
Let i(f) = f**2 - 1137*f + 320582. Calculate i(517).
42
Let s(m) = 4*m**3 + 17*m**2 - 184*m + 72. Calculate s(5).
77
Let v(r) = 24*r**2 + 3295*r - 9100. Give v(-140).
0
Let m(v) = -29*v**2 - 635*v - 78. What is m(-27)?
-4074
Let m(h) = -2*h**3 + 54*h**2 - 6*h + 3602. Determine m(29).
64
Let a(t) = -2*t**2 - 240*t - 823. Calculate a(-121).
-1065
Let m(s) = s**3 + 639*s**2 - 5865*s - 21333. Determine m(-648).
51
Let f(n) = n**3 + 38*n**2 - 44*n + 1585. Calculate f(-40).
145
Let z(x) = 14*x**2 + 2487*x + 99607. What is z(-61)?
-6
Let r(i) = 6465*i + 71107. Give r(-11).
-8
Let n(d) = -9203*d - 121184. What is n(-13)?
-1545
Let k(n) = -4*n**2 - 173*n + 1004. What is k(-49)?
-123
Let u(n) = -2*n**3 - 243*n**2 - 1280*n + 521. Calculate u(-116).
985
Let b(f) = -33008*f + 231051. Determine b(7).
-5
Let r(b) = -3*b**2 + 154*b + 14194. Determine r(99).
37
Let c(s) = -996*s - 4755. Give c(-7).
2217
Let z(w) = -w**2 - 176*w + 3496. Determine z(20).
-424
Let t(a) = -298*a - 11894. What is t(-41)?
324
Let v(b) = -b**2 - 940*b + 188641. What is v(170)?
-59
Let j(z) = -z**2 + 129*z + 2507. What is j(-26)?
-1523
Let o(i) = 1022*i**3 + 39*i**2 - 45*i + 4. What is o(1)?
1020
Let g(x) = x**2 - 141477*x - 424444. What is g(-3)?
-4
Let y(t) = t**2 + 7198*t - 318646. Calculate y(44).
2
Let l(z) = -2*z**2 - 44663*z - 3116599. Determine l(-70).
11
Let n(g) = -g**3 - 11*g**2 - 3220*g - 19211. Determine n(-6).
-71
Let d(a) = 2*a**3 + 24*a**2 + 70*a - 89. Determine d(-5).
-89
Let w(s) = 50*s**2 + 935*s - 5. Determine w(-18).
-635
Let j(l) = -31*l**3 - 5828*l**2 + 149*l + 28009. What is j(-188)?
-3
Let w(h) = 3*h**3 + 40*h**2 - 513*h - 6812. Calculate w(-14).
-22
Let u(w) = -3*w**2 - 160*w - 128. Calculate u(-32).
1920
Let o(j) = -4*j**2 + 3145*j - 28069. What is o(9)?
-88
Let v(l) = -l**3 + 6*l**2 - 389*l + 2497. Give v(6).
163
Let z(a) = 2*a**2 + 1627*a - 16448. Calculate z(10).
22
Let k(s) = -s**2 - 806*s - 154110. Calculate k(-494).
18
Let l(s) = 5*s**2 + 255*s + 3931. Calculate l(-17).
1041
Let i(c) = 7*c**2 + 446*c + 210. Determine i(-64).
338
Let m(w) = -382*w**2 + 1876*w - 9. Calculate m(5).
-179
Let h(b) = 3*b**2 + 20986*b + 2373712. Give h(-115).
-3
Let g(q) = 280*q - 39108. Calculate g(139).
-188
Let q(c) = -5832446*c - 46659576. Determine q(-8).
-8
Let x(y) = 83*y - 2968. Calculate x(33).
-229
Let h(s) = -29*s**3 - 79*s**2 - 52*s + 23. Give h(-1).
25
Let u(v) = -2825*v - 67386. Determine u(-24).
414
Let m(f) = -16*f - 335. Calculate m(-26).
81
Let t(s) = -1080*s + 6176. Determine t(6).
-304
Let c(w) = 57910*w + 1216096. Determin